{"id":72,"date":"2023-07-24T22:31:51","date_gmt":"2023-07-24T22:31:51","guid":{"rendered":"https:\/\/www.constructoraruta7.cl\/?page_id=72"},"modified":"2025-09-04T17:10:14","modified_gmt":"2025-09-04T17:10:14","slug":"soporte-y-mantencion","status":"publish","type":"page","link":"https:\/\/www.soporteymantencion.cl\/","title":{"rendered":"Soporte y Mantenci\u00f3n"},"content":{"rendered":"\n\n\n\n\u00bfQui\u00e9nes Somos?\n<h2><p align=\"justify\">En <strong>SOMAE<\/strong> nos dedicamos a ofrecer soluciones integrales en soporte t\u00e9cnico y mantenimiento de equipos. Nuestro objetivo es asegurar el correcto funcionamiento de la tecnolog\u00eda que utilizan nuestros clientes, brindando un servicio confiable, cercano y eficiente.<\/p><\/h2>\nObjetivo\n<h2><p align=\"justify\">Acompa\u00f1ar a empresas y particulares en el cuidado, optimizaci\u00f3n y reparaci\u00f3n de sus equipos, entregando soluciones que permitan continuidad operativa y confianza en el uso de la tecnolog\u00eda.<\/h2>\n\n\n\n\n\n\n\n\n<h2><font style=\"vertical-align: inherit;\"><font style=\"vertical-align: inherit;\"><font style=\"vertical-align: inherit;\"><font style=\"vertical-align: inherit;\"><font style=\"vertical-align: inherit;\"><font style=\"vertical-align: inherit;\">Misi\u00f3n&nbsp;<\/font><\/font><\/font><\/font><\/font><\/font><\/h2>\n<p style=\"text-align: justify;\"><font style=\"vertical-align: inherit; color: rgb(0, 0, 0);\"><span style=\"color:#ffffff;\"><font style=\"vertical-align: inherit;\"><font style=\"vertical-align: inherit;\"><font style=\"vertical-align: inherit;\">Proporcionar servicios de soporte y mantenimiento que garanticen el mejor desempe\u00f1o y vida \u00fatil de los equipos de nuestros clientes, destac\u00e1ndonos por la rapidez de respuesta, la atenci\u00f3n personalizada y la calidad t\u00e9cnica.<\/p>\n\n\n\n\n\n\n\n\n\n\n<h2><font style=\"vertical-align: inherit;\"><font style=\"vertical-align: inherit;\"><font style=\"vertical-align: inherit;\"><font style=\"vertical-align: inherit;\"><font style=\"vertical-align: inherit;\"><font style=\"vertical-align: inherit;\">Visi\u00f3n&nbsp;<\/font><\/font><\/font><\/font><\/font><\/font><\/h2>\n<p style=\"text-align: justify;\"><font style=\"vertical-align: inherit; color: rgb(0, 0, 0);\"><span style=\"color:#ffffff;\"><font style=\"vertical-align: inherit;\"><font style=\"vertical-align: inherit;\"><font style=\"vertical-align: inherit;\">Convertirnos en una empresa reconocida a nivel regional por la excelencia en soporte y mantenimiento de equipos, siendo el socio estrat\u00e9gico de confianza para quienes necesitan soluciones tecnol\u00f3gicas confiables.<\/p>\n\n\n\n\n\nValores\n\n\nCumplimos con nuestros compromisos y garantizamos un servicio de calidad.\n\n\nConstruimos relaciones duraderas basadas en transparencia y honestidad.\n\n\nAtendemos de manera oportuna, reduciendo tiempos de espera y evitando interrupciones.\n\n\n\n\nNos preocupamos de cada cliente como si fuera \u00fanico, ofreciendo atenci\u00f3n personalizada.\n\n\n\n\n\nContamos con conocimientos t\u00e9cnicos actualizados y buenas pr\u00e1cticas de servicio.\n\n\n\n\n\n\n\n\n\n\n\n\n<h2><font style=\"vertical-align: inherit;\"><font style=\"vertical-align: inherit;\"><font style=\"vertical-align: inherit;\"><font style=\"vertical-align: inherit;\"><font style=\"vertical-align: inherit;\"><font style=\"vertical-align: inherit;\"><font style=\"vertical-align: inherit;\"><font style=\"vertical-align: inherit;\"><font style=\"vertical-align: inherit;\"><font style=\"vertical-align: inherit;\">Cont\u00e1ctenos&nbsp;<\/font><\/font><\/font><\/font><\/font><\/font><\/font><\/font><\/font><\/font><\/h2>\n\n\n\n\n\n\n\n\n","protected":false},"excerpt":{"rendered":"","protected":false},"author":1,"featured_media":0,"parent":0,"menu_order":0,"comment_status":"closed","ping_status":"closed","template":"","meta":{"pagelayer_contact_templates":[],"_pagelayer_content":"","_joinchat":[],"footnotes":""},"class_list":["post-72","page","type-page","status-publish","hentry"],"_links":{"self":[{"href":"https:\/\/www.soporteymantencion.cl\/index.php?rest_route=\/wp\/v2\/pages\/72","targetHints":{"allow":["GET"]}}],"collection":[{"href":"https:\/\/www.soporteymantencion.cl\/index.php?rest_route=\/wp\/v2\/pages"}],"about":[{"href":"https:\/\/www.soporteymantencion.cl\/index.php?rest_route=\/wp\/v2\/types\/page"}],"author":[{"embeddable":true,"href":"https:\/\/www.soporteymantencion.cl\/index.php?rest_route=\/wp\/v2\/users\/1"}],"replies":[{"embeddable":true,"href":"https:\/\/www.soporteymantencion.cl\/index.php?rest_route=%2Fwp%2Fv2%2Fcomments&post=72"}],"version-history":[{"count":130,"href":"https:\/\/www.soporteymantencion.cl\/index.php?rest_route=\/wp\/v2\/pages\/72\/revisions"}],"predecessor-version":[{"id":416,"href":"https:\/\/www.soporteymantencion.cl\/index.php?rest_route=\/wp\/v2\/pages\/72\/revisions\/416"}],"wp:attachment":[{"href":"https:\/\/www.soporteymantencion.cl\/index.php?rest_route=%2Fwp%2Fv2%2Fmedia&parent=72"}],"curies":[{"name":"wp","href":"https:\/\/api.w.org\/{rel}","templated":true}]}}